{"id":2005,"date":"2025-05-29T19:39:33","date_gmt":"2025-05-29T19:39:33","guid":{"rendered":"https:\/\/talana.biz\/?page_id=2005"},"modified":"2025-05-31T19:17:24","modified_gmt":"2025-05-31T19:17:24","slug":"sensibilizacion","status":"publish","type":"page","link":"https:\/\/talana.biz\/index.php\/sensibilizacion\/","title":{"rendered":"Sensibilizaci\u00f3n"},"content":{"rendered":"\t\t<div data-elementor-type=\"wp-page\" data-elementor-id=\"2005\" class=\"elementor elementor-2005\">\n\t\t\t\t<div class=\"elementor-element elementor-element-ab366f9 e-flex e-con-boxed e-con e-parent\" data-id=\"ab366f9\" data-element_type=\"container\">\n\t\t\t\t\t<div class=\"e-con-inner\">\n\t\t<div class=\"elementor-element elementor-element-9abb77a e-con-full e-flex e-con e-parent\" data-id=\"9abb77a\" data-element_type=\"container\">\n\t\t\t\t<div class=\"elementor-element elementor-element-1b53e1b elementor-widget elementor-widget-image\" data-id=\"1b53e1b\" data-element_type=\"widget\" data-widget_type=\"image.default\">\n\t\t\t\t<div class=\"elementor-widget-container\">\n\t\t\t\t\t\t\t\t\t\t\t\t\t\t\t<img fetchpriority=\"high\" decoding=\"async\" width=\"300\" height=\"290\" src=\"https:\/\/talana.biz\/wp-content\/uploads\/2025\/05\/web-Talana-2025servicios-28-300x290.png\" class=\"attachment-medium size-medium wp-image-1958\" alt=\"\" srcset=\"https:\/\/talana.biz\/wp-content\/uploads\/2025\/05\/web-Talana-2025servicios-28-300x290.png 300w, https:\/\/talana.biz\/wp-content\/uploads\/2025\/05\/web-Talana-2025servicios-28-768x743.png 768w, https:\/\/talana.biz\/wp-content\/uploads\/2025\/05\/web-Talana-2025servicios-28-600x580.png 600w, https:\/\/talana.biz\/wp-content\/uploads\/2025\/05\/web-Talana-2025servicios-28.png 916w\" sizes=\"(max-width: 300px) 100vw, 300px\" \/>\t\t\t\t\t\t\t\t\t\t\t\t\t\t\t<\/div>\n\t\t\t\t<\/div>\n\t\t\t\t<\/div>\n\t\t<div class=\"elementor-element elementor-element-afd36b3 e-con-full e-flex e-con e-parent\" data-id=\"afd36b3\" data-element_type=\"container\">\n\t\t\t\t<div class=\"elementor-element elementor-element-4a5bde0 elementor-widget elementor-widget-heading\" data-id=\"4a5bde0\" data-element_type=\"widget\" data-widget_type=\"heading.default\">\n\t\t\t\t<div class=\"elementor-widget-container\">\n\t\t\t\t\t<h3 class=\"elementor-heading-title elementor-size-default\">Sensibilizaci\u00f3n\n y capacitaci\u00f3n.<\/h3>\t\t\t\t<\/div>\n\t\t\t\t<\/div>\n\t\t\t\t<div class=\"elementor-element elementor-element-d2282db elementor-widget elementor-widget-text-editor\" data-id=\"d2282db\" data-element_type=\"widget\" data-widget_type=\"text-editor.default\">\n\t\t\t\t<div class=\"elementor-widget-container\">\n\t\t\t\t\t\t\t\t\t<p style=\"text-align: center;\"><span style=\"color: #000000;\">Desarrollamos procesos de sensibilizaci\u00f3n y <\/span><br \/><span style=\"color: #000000;\">formaci\u00f3n en el personal de la empresa en <\/span><br \/><span style=\"color: #000000;\">temas como bienestar, masculinidades, <\/span><br \/><span style=\"color: #000000;\">parentalidad positiva, entre otros.<\/span><\/p>\t\t\t\t\t\t\t\t<\/div>\n\t\t\t\t<\/div>\n\t\t\t\t<\/div>\n\t\t\t\t\t<\/div>\n\t\t\t\t<\/div>\n\t\t<div class=\"elementor-element elementor-element-5c489d4 e-flex e-con-boxed e-con e-parent\" data-id=\"5c489d4\" data-element_type=\"container\">\n\t\t\t\t\t<div class=\"e-con-inner\">\n\t\t\t\t<div class=\"elementor-element elementor-element-faa5e56 elementor-widget-divider--view-line elementor-widget elementor-widget-divider\" data-id=\"faa5e56\" data-element_type=\"widget\" data-widget_type=\"divider.default\">\n\t\t\t\t<div class=\"elementor-widget-container\">\n\t\t\t\t\t\t\t<div class=\"elementor-divider\">\n\t\t\t<span class=\"elementor-divider-separator\">\n\t\t\t\t\t\t<\/span>\n\t\t<\/div>\n\t\t\t\t\t\t<\/div>\n\t\t\t\t<\/div>\n\t\t\t\t\t<\/div>\n\t\t\t\t<\/div>\n\t\t<div class=\"elementor-element elementor-element-ec32778 e-flex e-con-boxed e-con e-parent\" data-id=\"ec32778\" data-element_type=\"container\">\n\t\t\t\t\t<div class=\"e-con-inner\">\n\t\t\t\t<div class=\"elementor-element elementor-element-5eb7b78 elementor-widget elementor-widget-text-editor\" data-id=\"5eb7b78\" data-element_type=\"widget\" data-widget_type=\"text-editor.default\">\n\t\t\t\t<div class=\"elementor-widget-container\">\n\t\t\t\t\t\t\t\t\t<p style=\"text-align: center;\"><span style=\"color: #000000;\">Brindamos procesos de sensibilizaci\u00f3n y formaci\u00f3n para el personal de su <\/span><br \/><span style=\"color: #000000;\">empresa en temas clave como bienestar, masculinidades, parentalidad <\/span><br \/><span style=\"color: #000000;\">positiva y otros. Nuestro objetivo es fomentar un ambiente laboral inclusivo <\/span><br \/><span style=\"color: #000000;\">y consciente de las necesidades de quienes equilibran el trabajo con el <\/span><br \/><span style=\"color: #000000;\">cuidado familiar.<\/span><\/p>\t\t\t\t\t\t\t\t<\/div>\n\t\t\t\t<\/div>\n\t\t\t\t\t<\/div>\n\t\t\t\t<\/div>\n\t\t<div class=\"elementor-element elementor-element-fa493ea e-flex e-con-boxed e-con e-parent\" data-id=\"fa493ea\" data-element_type=\"container\">\n\t\t\t\t\t<div class=\"e-con-inner\">\n\t\t\t\t<div class=\"elementor-element elementor-element-910b64f elementor-widget elementor-widget-text-editor\" data-id=\"910b64f\" data-element_type=\"widget\" data-widget_type=\"text-editor.default\">\n\t\t\t\t<div class=\"elementor-widget-container\">\n\t\t\t\t\t\t\t\t\t<p style=\"text-align: center;\"><span style=\"color: #000000;\">Ofrecemos capacitaciones en distintos formatos seg\u00fan las necesidades de <\/span><br \/><span style=\"color: #000000;\">su empresa: sesiones individuales o en serie, programas de formaci\u00f3n <\/span><br \/><span style=\"color: #000000;\">continua y espacios grupales peri\u00f3dicos (quincenales, mensuales, etc.) <\/span><br \/><span style=\"color: #000000;\">para padres, madres, cuidadores de familiares, mujeres en per\u00edodo de <\/span><br \/><span style=\"color: #000000;\">lactancia, etc. O en temas espec\u00edficos como duelo, actividades para <\/span><br \/><span style=\"color: #000000;\">vacaciones, etc.<\/span><\/p>\t\t\t\t\t\t\t\t<\/div>\n\t\t\t\t<\/div>\n\t\t\t\t\t<\/div>\n\t\t\t\t<\/div>\n\t\t<div class=\"elementor-element elementor-element-e5111c1 e-flex e-con-boxed e-con e-parent\" data-id=\"e5111c1\" data-element_type=\"container\">\n\t\t\t\t\t<div class=\"e-con-inner\">\n\t\t\t\t<div class=\"elementor-element elementor-element-b924fb9 elementor-widget elementor-widget-text-editor\" data-id=\"b924fb9\" data-element_type=\"widget\" data-widget_type=\"text-editor.default\">\n\t\t\t\t<div class=\"elementor-widget-container\">\n\t\t\t\t\t\t\t\t\t<h4 style=\"text-align: center;\"><strong> Con estos espacios de aprendizaje e intercambio, su empresa <br \/>podr\u00e1 fortalecer el bienestar de sus colaboradores y promover <br \/>una cultura organizacional m\u00e1s equitativa y comprometida.<\/strong><\/h4>\t\t\t\t\t\t\t\t<\/div>\n\t\t\t\t<\/div>\n\t\t\t\t\t<\/div>\n\t\t\t\t<\/div>\n\t\t<div class=\"elementor-element elementor-element-ae840e4 e-con-full e-flex e-con e-parent\" data-id=\"ae840e4\" data-element_type=\"container\">\n\t\t\t\t<div class=\"elementor-element elementor-element-a59171e elementor-widget elementor-widget-spacer\" data-id=\"a59171e\" data-element_type=\"widget\" data-widget_type=\"spacer.default\">\n\t\t\t\t<div class=\"elementor-widget-container\">\n\t\t\t\t\t\t\t<div class=\"elementor-spacer\">\n\t\t\t<div class=\"elementor-spacer-inner\"><\/div>\n\t\t<\/div>\n\t\t\t\t\t\t<\/div>\n\t\t\t\t<\/div>\n\t\t\t\t<\/div>\n\t\t<div class=\"elementor-element elementor-element-ff9eec9 e-flex e-con-boxed e-con e-parent\" data-id=\"ff9eec9\" data-element_type=\"container\">\n\t\t\t\t\t<div class=\"e-con-inner\">\n\t\t\t\t<div class=\"elementor-element elementor-element-972e081 elementor-align-center elementor-widget elementor-widget-button\" data-id=\"972e081\" data-element_type=\"widget\" data-widget_type=\"button.default\">\n\t\t\t\t<div class=\"elementor-widget-container\">\n\t\t\t\t\t\t\t\t\t<div class=\"elementor-button-wrapper\">\n\t\t\t\t\t<a class=\"elementor-button elementor-button-link elementor-size-sm\" href=\"mailto:info@talana.biz?subject=Quiero%20mas%20informacion%20de%20Talana\">\n\t\t\t\t\t\t<span class=\"elementor-button-content-wrapper\">\n\t\t\t\t\t\t\t\t\t<span class=\"elementor-button-text\"> Contactar con equipo<\/span>\n\t\t\t\t\t<\/span>\n\t\t\t\t\t<\/a>\n\t\t\t\t<\/div>\n\t\t\t\t\t\t\t\t<\/div>\n\t\t\t\t<\/div>\n\t\t\t\t\t<\/div>\n\t\t\t\t<\/div>\n\t\t<div class=\"elementor-element elementor-element-25ea82c e-con-full e-flex e-con e-parent\" data-id=\"25ea82c\" data-element_type=\"container\">\n\t\t\t\t<div class=\"elementor-element elementor-element-98e1c0e elementor-widget elementor-widget-spacer\" data-id=\"98e1c0e\" data-element_type=\"widget\" data-widget_type=\"spacer.default\">\n\t\t\t\t<div class=\"elementor-widget-container\">\n\t\t\t\t\t\t\t<div class=\"elementor-spacer\">\n\t\t\t<div class=\"elementor-spacer-inner\"><\/div>\n\t\t<\/div>\n\t\t\t\t\t\t<\/div>\n\t\t\t\t<\/div>\n\t\t\t\t<\/div>\n\t\t<div class=\"elementor-element elementor-element-83638e8 e-flex e-con-boxed e-con e-parent\" data-id=\"83638e8\" data-element_type=\"container\">\n\t\t\t\t\t<div class=\"e-con-inner\">\n\t\t<div class=\"elementor-element elementor-element-f8d12c8 e-con-full e-flex e-con e-parent\" data-id=\"f8d12c8\" data-element_type=\"container\">\n\t\t\t\t<\/div>\n\t\t<div class=\"elementor-element elementor-element-3835c88 e-con-full e-flex e-con e-parent\" data-id=\"3835c88\" data-element_type=\"container\">\n\t\t\t\t<div class=\"elementor-element elementor-element-8174e39 elementor-widget elementor-widget-image\" data-id=\"8174e39\" data-element_type=\"widget\" data-widget_type=\"image.default\">\n\t\t\t\t<div class=\"elementor-widget-container\">\n\t\t\t\t\t\t\t\t\t\t\t\t\t\t\t<img decoding=\"async\" width=\"153\" height=\"300\" src=\"https:\/\/talana.biz\/wp-content\/uploads\/2025\/05\/web-Talana-2025servicios-23-153x300.png\" class=\"attachment-medium size-medium wp-image-1959\" alt=\"\" srcset=\"https:\/\/talana.biz\/wp-content\/uploads\/2025\/05\/web-Talana-2025servicios-23-153x300.png 153w, https:\/\/talana.biz\/wp-content\/uploads\/2025\/05\/web-Talana-2025servicios-23-522x1024.png 522w, https:\/\/talana.biz\/wp-content\/uploads\/2025\/05\/web-Talana-2025servicios-23-600x1177.png 600w, https:\/\/talana.biz\/wp-content\/uploads\/2025\/05\/web-Talana-2025servicios-23.png 645w\" sizes=\"(max-width: 153px) 100vw, 153px\" \/>\t\t\t\t\t\t\t\t\t\t\t\t\t\t\t<\/div>\n\t\t\t\t<\/div>\n\t\t\t\t<\/div>\n\t\t<div class=\"elementor-element elementor-element-31aeb8d e-con-full e-flex e-con e-parent\" data-id=\"31aeb8d\" data-element_type=\"container\">\n\t\t\t\t<\/div>\n\t\t\t\t\t<\/div>\n\t\t\t\t<\/div>\n\t\t\t\t<\/div>\n\t\t","protected":false},"excerpt":{"rendered":"<p>Sensibilizaci\u00f3n y capacitaci\u00f3n. Desarrollamos procesos de sensibilizaci\u00f3n y formaci\u00f3n en el personal de la empresa en temas como bienestar, masculinidades, parentalidad positiva, entre otros. Brindamos procesos de sensibilizaci\u00f3n y formaci\u00f3n para el personal de su empresa en temas clave como bienestar, masculinidades, parentalidad positiva y otros. Nuestro objetivo es fomentar un ambiente laboral inclusivo y [&hellip;]<\/p>\n","protected":false},"author":1,"featured_media":0,"parent":0,"menu_order":0,"comment_status":"closed","ping_status":"closed","template":"","meta":{"site-sidebar-layout":"no-sidebar","site-content-layout":"page-builder","ast-site-content-layout":"default","site-content-style":"default","site-sidebar-style":"default","ast-global-header-display":"","ast-banner-title-visibility":"","ast-main-header-display":"","ast-hfb-above-header-display":"","ast-hfb-below-header-display":"","ast-hfb-mobile-header-display":"","site-post-title":"disabled","ast-breadcrumbs-content":"","ast-featured-img":"disabled","footer-sml-layout":"","ast-disable-related-posts":"","theme-transparent-header-meta":"","adv-header-id-meta":"","stick-header-meta":"","header-above-stick-meta":"","header-main-stick-meta":"","header-below-stick-meta":"","astra-migrate-meta-layouts":"default","ast-page-background-enabled":"default","ast-page-background-meta":{"desktop":{"background-color":"var(--ast-global-color-4)","background-image":"","background-repeat":"repeat","background-position":"center center","background-size":"auto","background-attachment":"scroll","background-type":"","background-media":"","overlay-type":"","overlay-color":"","overlay-opacity":"","overlay-gradient":""},"tablet":{"background-color":"","background-image":"","background-repeat":"repeat","background-position":"center center","background-size":"auto","background-attachment":"scroll","background-type":"","background-media":"","overlay-type":"","overlay-color":"","overlay-opacity":"","overlay-gradient":""},"mobile":{"background-color":"","background-image":"","background-repeat":"repeat","background-position":"center center","background-size":"auto","background-attachment":"scroll","background-type":"","background-media":"","overlay-type":"","overlay-color":"","overlay-opacity":"","overlay-gradient":""}},"ast-content-background-meta":{"desktop":{"background-color":"var(--ast-global-color-5)","background-image":"","background-repeat":"repeat","background-position":"center center","background-size":"auto","background-attachment":"scroll","background-type":"","background-media":"","overlay-type":"","overlay-color":"","overlay-opacity":"","overlay-gradient":""},"tablet":{"background-color":"var(--ast-global-color-5)","background-image":"","background-repeat":"repeat","background-position":"center center","background-size":"auto","background-attachment":"scroll","background-type":"","background-media":"","overlay-type":"","overlay-color":"","overlay-opacity":"","overlay-gradient":""},"mobile":{"background-color":"var(--ast-global-color-5)","background-image":"","background-repeat":"repeat","background-position":"center center","background-size":"auto","background-attachment":"scroll","background-type":"","background-media":"","overlay-type":"","overlay-color":"","overlay-opacity":"","overlay-gradient":""}},"footnotes":""},"class_list":["post-2005","page","type-page","status-publish","hentry"],"_links":{"self":[{"href":"https:\/\/talana.biz\/index.php\/wp-json\/wp\/v2\/pages\/2005","targetHints":{"allow":["GET"]}}],"collection":[{"href":"https:\/\/talana.biz\/index.php\/wp-json\/wp\/v2\/pages"}],"about":[{"href":"https:\/\/talana.biz\/index.php\/wp-json\/wp\/v2\/types\/page"}],"author":[{"embeddable":true,"href":"https:\/\/talana.biz\/index.php\/wp-json\/wp\/v2\/users\/1"}],"replies":[{"embeddable":true,"href":"https:\/\/talana.biz\/index.php\/wp-json\/wp\/v2\/comments?post=2005"}],"version-history":[{"count":10,"href":"https:\/\/talana.biz\/index.php\/wp-json\/wp\/v2\/pages\/2005\/revisions"}],"predecessor-version":[{"id":2191,"href":"https:\/\/talana.biz\/index.php\/wp-json\/wp\/v2\/pages\/2005\/revisions\/2191"}],"wp:attachment":[{"href":"https:\/\/talana.biz\/index.php\/wp-json\/wp\/v2\/media?parent=2005"}],"curies":[{"name":"wp","href":"https:\/\/api.w.org\/{rel}","templated":true}]}}